uppose -9 = -8*p + 71. Calculate the remainder when 39 is divided by p.
9
Suppose 0 = 4*f - 233 - 67. Let g(l) = l**3 - 4*l**2 + 4*l - 1. Let y be g(3). Suppose 3*s - f = -y*s. What is the remainder when 43 is divided by s?
13
Suppose 28 = 2*b - 4. What is the remainder when (-4)/(-8)*-2 - -62 is divided by b?
13
Suppose 0 = -0*f - 2*f + 4. Suppose 0 = f*l - d - 3 - 7, 3*d + 6 = 0. What is the remainder when 10 is divided by l?
2
Suppose 2*b + 0 - 20 = 0. Calculate the remainder when 38 is divided by b.
8
Let p(q) = -q**2. Let g(w) = 9*w**2 - w. Let y(z) = g(z) + 4*p(z). Let s be y(-1). Suppose -3*a + s = -0*a. Calculate the remainder when a is divided by 1.
0
Suppose 2*z + 2 = 10. Calculate the remainder when 17 is divided by z.
1
Let q = -187 + 207. Calculate the remainder when q is divided by 6.
2
What is the remainder when 128/3 - 2/3 is divided by 12 - (-5 - 2/(-1))?
12
Suppose -z = -v - 66, -8 = 5*v - 33. Calculate the remainder when z is divided by 9.
8
Let d(r) = 7*r**3 - 6 - r**2 + r - 3*r**2 - 6*r**3. Suppose 2*u - 10 = -0*u. What is the remainder when d(u) is divided by 13?
11
Let i = -1 - -3. Suppose -5*z + 25 = 5*g, -z - 1 = -g + i*z. Calculate the remainder when (3 + (-5)/g)*8 is divided by 5.
4
Let y = -19 + 31. Calculate the remainder when 33 is divided by y.
9
Suppose -285 = -3*t + j, 0*j - 6 = -2*j. Calculate the remainder when t is divided by 33.
30
Let i = -30 + 72. Calculate the remainder when i is divided by 11.
9
Suppose -2*w - 62 = -5*d, 0*d + 4*w + 16 = d. What is the remainder when 34 is divided by d?
10
Let p = -16 - -1. Let a = p + 24. What is the remainder when 16 is divided by a?
7
Let q be 1 + (-2)/1 - 0. Let m = 2 + q. What is the remainder when 1*(-14)/(0 - m) is divided by 5?
4
Suppose i - 5*i = 0. Suppose i*a + a = 15. What is the remainder when 43 is divided by a?
13
Let q = -1 - -3. Let r(f) = 5*f**2 - f. What is the remainder when 52 is divided by r(q)?
16
Let w(m) = m**3 - 10*m**2 + 11*m - 10. Let x be w(9). Suppose -4*u = -x*u + 144. Calculate the remainder when 69 is divided by u.
33
Suppose -24 = -5*v - 4*w, -5*v - w + 60 = -6*w. Calculate the remainder when 46 is divided by v.
6
Let b be (6*1)/((-6)/12). What is the remainder when -26*(-9)/b*-2 is divided by 14?
11
Calculate the remainder when ((-16)/(-6))/((-8)/(-96)) is divided by 11.
10
Suppose 4*i - 74 = -2*f, 2*i + 93 + 58 = 3*f. What is the remainder when f is divided by 16?
15
Let q(r) = r**2 + 9*r + 3. Let g be q(-8). Let x be (-9)/(-15) - (-3)/g. What is the remainder when 200/(-12)*(-3 - x) is divided by 17?
16
Let c = -21 + 29. What is the remainder when c is divided by 6?
2
Suppose -c + 4*c = 6. Suppose -m = -26 + 4. Calculate the remainder when m is divided by -2 + c + (8 - 0).
6
Let f(n) = 5*n - n**2 + 2*n + 4 - 2 - 2*n. Calculate the remainder when f(4) is divided by 3.
0
Let n(b) = b - 1. Let c be n(-2). Let u = 11 - c. What is the remainder when 26 is divided by u?
12
Let b(x) = x**2 + x - 1. Let h(f) = -f**2 - 10*f - 2. Let t be h(-10). What is the remainder when 2 is divided by b(t)?
0
Let h(c) = c**2 + 5*c - 4. Let v be h(-6). Suppose f = -3, j = -v*j - 2*f + 147. Let k = j - 29. Calculate the remainder when k is divided by 8.
6
Let x be -3*-11*(-6)/(-9). Suppose x = 2*t - 72. What is the remainder when t is divided by 16?
15
Suppose -12 = -2*p + 2. Let m = -20 - -47. What is the remainder when m is divided by p?
6
Let j(w) = 2*w - 2. Calculate the remainder when 26 is divided by j(8).
12
Let r = 16 + -11. Suppose -3*o - 26 = -5*y, -8 = -4*y + o - r*o. What is the remainder when 7 is divided by y?
3
Suppose -f = -5*f. Let q = 1 + f. What is the remainder when 39 is divided by (q/2)/(1/20)?
9
Let x(a) = a**3 + 7*a**2 + 7*a + 9. Let y be x(-6). Suppose -4*o + 11 = -y*o. What is the remainder when o is divided by 6?
5
Let q(b) = 38*b**2 - 2*b - 2. Calculate the remainder when q(-1) is divided by 8.
6
Suppose -w - 3 + 9 = 0. Suppose 3*x = -5*i - 6, 0*i = -i. What is the remainder when (30/(-2))/(x - -1) is divided by w?
3
Suppose 11*i = 5*i + 78. What is the remainder when 49 is divided by i?
10
Let a(u) = 5*u - 79. Let o = 2 + 2. Suppose -7*k - o*m + 120 = -2*k, k + 4*m - 40 = 0. Calculate the remainder when k is divided by a(18).
9
Suppose 34 = 5*h + 2*v + 2*v, 5*v = 3*h - 50. Suppose 0*x + 2*x = 0. What is the remainder when h is divided by x + (-1 - 1) - -6?
2
Let w(z) = -z**2 - 6*z + 6. Let f be w(-7). What is the remainder when -3 + 5 - f*95 is divided by 25?
22
Suppose -5*k = 9 - 64. What is the remainder when 51 is divided by k?
7
Let p(r) = 8*r**2 - 1. What is the remainder when (-1)/1 + 2 - -11 is divided by p(-1)?
5
Suppose s + u = -4*s + 75, 0 = 5*s - 5*u - 75. Let j = -2 + 4. Suppose -j*n + 3 = -13. What is the remainder when s is divided by n?
7
Suppose -r = -i + 60, -i - 4*i + 297 = -2*r. Suppose -2*m - a + 0*a = 9, -m = -4*a + 18. Calculate the remainder when i is divided by (-3)/(-9) - 118/m.
19
Let d = 61 + -38. Let j = 9 + -15. Let n = 2 - j. What is the remainder when d is divided by n?
7
Let x(d) = -d**3 + 7*d**2 + 13*d - 12. What is the remainder when x(8) is divided by 10 - (7/(-21) - 1/(-3))?
8
Let o = -10 - -16. What is the remainder when 29 is divided by o?
5
Suppose -3*o - 2*f + 13 = 0, -4*o = -5*o + 4*f + 23. Suppose 0 = 4*s - 5*l + 3, -5*l + 15 = 4*s - 12. What is the remainder when o is divided by s?
1
Let s = 33 + -20. Let r(a) = a**2 - 13*a + 10. Calculate the remainder when 19 is divided by r(s).
9
Let t(y) = 5*y**2 - 19*y + 10. Let j(g) = g**2 - g - 1. Let s(b) = 6*j(b) - t(b). Calculate the remainder when s(-15) is divided by 8.
6
Suppose 248 = 18*p - 14*p. Let s = p + -33. Calculate the remainder when s is divided by 16.
13
Let a = -11 - -29. What is the remainder when 33 is divided by a?
15
Let y = 154 + 32. What is the remainder when ((-6)/2)/((-9)/y) is divided by 16?
14
Calculate the remainder when 99 is divided by 20 + 7 - 1/2*4.
24
Let i = 12 - -2. Calculate the remainder when 41 is divided by i.
13
Calculate the remainder when 34 is divided by (3/(-2))/(13/(-78)).
7
Let l(y) = 13*y + 7. Calculate the remainder when l(7) is divided by 20.
18
Let d(j) = -j**2 + 5*j - 6. Let q be d(5). Let s(n) = -5*n - 2. What is the remainder when s(q) is divided by 15?
13
Let m be -1*(-39 - (0 + 1)). Suppose -5*q + 20 = -m. Calculate the remainder when 33 is divided by q.
9
Let h(u) = -u**2 - 4*u + 5. Let g be h(-5). Suppose g*d + 5*d = 30. Calculate the remainder when 189/12 - 2/(-8) is divided by d.
4
Suppose -v + 9 = 2*s, -4*s + 5*v - 21 = -4. Let p(t) = -5*t**s + 12 + 2*t**2 + 8*t + 2*t**2. Calculate the remainder when 7 is divided by p(9).
1
Suppose -4*o + 0*o = -4*b - 24, 3*o - 2*b = 22. Let f = -7 - -22. What is the remainder when 126/f + (-4)/o is divided by 3?
2
Let k(y) = -y**3 - y**2 + 2*y + 3. Let d be k(-2). Calculate the remainder when 127 is divided by (32/(-5))/(d/(-15)).
31
Let h(r) = r**2 - 5 - r + 1 - r. Calculate the remainder when 2 + 5/(10/18) is divided by h(4).
3
Let f be ((-18)/(-2))/3 - -57. Let h = f + -41. Calculate the remainder when h is divided by 10.
9
Let a = 11 - -2. What is the remainder when 23 is divided by a?
10
Let y = 15 - 11. Let t = 2 + y. Suppose 5*q = -3*o - t + 26, 2*q = -2*o + 12. Calculate the remainder when 1 is divided by q.
0
Let s = 30 + -13. What is the remainder when 67 is divided by s?
16
Suppose -2*k + 4 = -2. Suppose -d = 3*r - 33, -6*d + 67 = -k*d + r. Calculate the remainder when d is divided by 11.
10
Let c = 5 + -5. Suppose -2*r - 13 - 16 = -x, c = -5*x + 25. Calculate the remainder when 123/(-2)*8/r is divided by 21.
20
Suppose 0 = -f + 5*f - 28. Let k(m) = -4*m + 2. What is the remainder when k(-4) is divided by f?
4
Let x = 0 + 2. Let y(c) = 6*c**2 + 0*c**2 - 4*c**2 + 2*c. Calculate the remainder when 35 is divided by y(x).
11
Suppose -4*n - 4*y = -36, 3*n + y - 13 - 4 = 0. Let d = 2 + -2. Suppose d = -2*q - 0 + 20. Calculate the remainder when q is divided by n.
2
Let j(c) = c + 7. Let w be j(-7). Let q = w - -4. Suppose q*y + 3*h + 11 = 0, -4*y = -3*y + 3*h + 14. What is the remainder when 2 is divided by y?
0
Let g = -1 - -1. Suppose -x - 18 = -3*p - p, g = 4*x + 4*p - 8. Calculate the remainder when 16 is divided by x - 0 - -10 - 2.
4
Let 